etermine f(8).
2
Let u(t) = -3*t - 28. Determine u(-9).
-1
Let f(v) = v**3 - 9*v**2 + 2*v - 22. Determine f(9).
-4
Let v(g) = -g**3 - 19*g**2 - g + 12. Give v(-19).
31
Let x(f) = -9*f - 158. What is x(-19)?
13
Let z(r) = -r**3 + 7*r**2 + 9*r - 13. Give z(7).
50
Let n(h) = -38*h - 14. Calculate n(-1).
24
Let u(w) = -w**2 - 15*w + 25. Give u(-16).
9
Let g(q) = q**2 + 11*q + 14. Calculate g(-10).
4
Let o(y) = -9*y - 163. Determine o(-20).
17
Let a(j) = j**3 + 42*j**2 + 41*j + 2. Give a(-41).
2
Let a(g) = -4*g**2 - g. What is a(-1)?
-3
Let s(a) = -2*a**3 + 15*a**2 - 10*a + 22. Calculate s(7).
1
Let m(p) = p**2 - 73*p + 450. Determine m(7).
-12
Let a(m) = m**2 - 6*m - 19. Give a(8).
-3
Let z(h) = -3*h - 54. What is z(-21)?
9
Let o(d) = 2*d**2 - 4*d - 4. What is o(-3)?
26
Let v(p) = -2*p**2 + 75*p - 47. Calculate v(37).
-10
Let a(j) = -3*j**3 - 35*j**2 + 13*j + 15. Determine a(-12).
3
Let s(x) = 13*x**2 - 2*x + 1. Give s(1).
12
Let f(m) = -m**2 + 6*m - 6. Determine f(7).
-13
Let d(w) = 5*w + 11. Calculate d(-5).
-14
Let j(b) = b**3 + 7*b**2 + 13*b + 36. Calculate j(-6).
-6
Let u(z) = -z**2 - 20*z - 4. What is u(-14)?
80
Let v(i) = 2*i**2 - 7*i - 1. Give v(8).
71
Let b(h) = -h**3 - 13*h**2 + h + 14. Determine b(-13).
1
Let k(y) = -y**3 - 6*y**2 + 10*y - 16. Calculate k(-9).
137
Let m(w) = -w**3 - 4*w**2 + w - 1. What is m(-5)?
19
Let l(g) = -g**3 - 10*g**2 + 2*g + 17. Give l(-10).
-3
Let d(u) = -u**2 + 2*u + 6. Determine d(5).
-9
Let g(u) = 89*u - 971. Determine g(11).
8
Let l(n) = -2*n**2 - 13*n + 79. Determine l(-9).
34
Let w(g) = -2*g + 1. Calculate w(2).
-3
Let n(h) = -h**2 - 20*h + 27. Calculate n(-22).
-17
Let v(d) = 19*d - 12. Calculate v(-8).
-164
Let q(x) = x**3 - 6*x**2 - 9*x + 11. Calculate q(6).
-43
Let t(k) = -2*k**3 - 6*k**2 + 4*k + 6. Give t(-5).
86
Let u(z) = -2*z**2 - 43*z - 12. Determine u(-21).
9
Let q(b) = b**3 + b**2 - 26*b + 37. What is q(3)?
-5
Let j(l) = l**2 + 16*l + 21. What is j(-16)?
21
Let p(i) = -i**2 - 18*i - 30. What is p(-20)?
-70
Let o(g) = -g**3 - 20*g**2 + 15*g - 36. Determine o(-21).
90
Let w(l) = 3*l**2 + 2. Determine w(3).
29
Let c(p) = 2*p**3 - 3*p**2 - 3*p - 2. Calculate c(-3).
-74
Let a(u) = 2*u - 84. Calculate a(-25).
-134
Let h(a) = -3*a**2 - a + 5. Give h(2).
-9
Let l(j) = -j**2 + 12*j - 13. What is l(11)?
-2
Let m(j) = 2*j + 42. Give m(-17).
8
Let o(u) = -8*u**2 + 15*u. Determine o(3).
-27
Let u(c) = -c**3 + 3*c**2 + 5*c + 2. Give u(-1).
1
Let i(v) = v**3 + 15*v**2 + 14*v + 26. Give i(-14).
26
Let m(w) = 2*w**3 - w**2 - 5*w - 3. Give m(3).
27
Let c(m) = -m**3 - 5*m**2 - 3*m. Determine c(-4).
-4
Let a(p) = -2*p**2 + 6*p - 6. Determine a(5).
-26
Let m(z) = z**3 + 6*z**2 - 15*z + 6. What is m(-8)?
-2
Let i(s) = -5*s - 37. Calculate i(-7).
-2
Let t(m) = -m + 1. Calculate t(11).
-10
Let h(p) = 11*p - 55. Calculate h(11).
66
Let c(f) = 11*f**2 - 31*f. What is c(3)?
6
Let n(a) = 11*a + 7. Determine n(-2).
-15
Let h(p) = p**3 - 9*p**2 - 51*p - 2. What is h(13)?
11
Let m(l) = -l**3 - 10*l**2 - 23*l - 27. Give m(-9).
99
Let c(x) = -13*x - 27. Give c(-5).
38
Let j(x) = -4*x - 20. What is j(8)?
-52
Let v(q) = -q**3 - 17*q**2 - 9*q - 28. Calculate v(-16).
-140
Let z(b) = -2*b + 19. Calculate z(8).
3
Let q(a) = -2*a**3 - 4*a**2 + 3*a + 4. Determine q(-2).
-2
Let j(p) = 2*p**2 - 40*p - 3. Determine j(19).
-41
Let d(n) = n**3 - 62*n**2 + 65*n - 236. What is d(61)?
8
Let p(y) = -y + 11. Calculate p(3).
8
Let k(c) = -22*c**2 + 3*c + 1. What is k(-1)?
-24
Let x(w) = -9*w - 138. What is x(-15)?
-3
Let a(c) = -c**2 - 12*c - 11. Calculate a(-11).
0
Let c(u) = u**2 - u + 10. What is c(0)?
10
Let b(r) = 4*r + 4. Give b(2).
12
Let m(n) = n**3 - 11*n**2 + 26*n + 3. Give m(6).
-21
Let r(v) = -v + 30. Give r(27).
3
Let c(u) = u**3 + 15*u**2 - 13*u + 45. What is c(-16)?
-3
Let t(d) = -d**3 - 23*d**2 + 55*d + 132. Determine t(-25).
7
Let b(v) = 2*v - 15. Determine b(3).
-9
Let t(a) = -20*a + 1. Determine t(1).
-19
Let s(g) = -4*g**2 - 4*g + 6. Give s(4).
-74
Let a(j) = 8*j + 3. What is a(-3)?
-21
Let l(v) = v**2 + 20*v - 23. What is l(-22)?
21
Let t(d) = d**2 + 4*d - 8. What is t(-9)?
37
Let v(r) = 4*r**2 + 33*r - 12. Give v(-10).
58
Let j(o) = -o**3 - 17*o**2 + o - 16. What is j(-17)?
-33
Let f(w) = -3*w + 15. Determine f(4).
3
Let a(w) = -2*w**3 + 29*w**2 - 38*w - 20. Determine a(13).
-7
Let u(d) = d**3 + 12*d**2 - 3*d - 13. Determine u(-12).
23
Let j(a) = -a**3 + 14*a**2 - a + 8. Give j(14).
-6
Let c(b) = b**2 - 4. Determine c(2).
0
Let f(z) = 2*z**3 - 76*z**2 - 3. Calculate f(38).
-3
Let t(n) = n**3 + 3*n**2 - 8*n + 7. Give t(-5).
-3
Let z(g) = 3*g**3 + 52*g**2 + 17*g + 9. Determine z(-17).
9
Let w(l) = l**2 - 1. Give w(-3).
8
Let i(k) = k**3 - k + 2. Calculate i(-2).
-4
Let t(x) = -4*x + 77. Calculate t(19).
1
Let l(y) = -3*y**2 - 11*y + 80. Give l(4).
-12
Let z(p) = -p**3 + 4*p**2 + 33*p - 12. What is z(8)?
-4
Let s(l) = l**2 - 15*l + 8. What is s(15)?
8
Let z(x) = x**3 + 17*x**2 - 9*x - 150. Give z(-17).
3
Let q(i) = -8*i**3 - 2*i - 2. Give q(-1).
8
Let y(w) = w**2 + w + 6. What is y(5)?
36
Let n(p) = -p**2 - 4*p - 4. Give n(-3).
-1
Let g(h) = -6*h + 53. Determine g(8).
5
Let f(k) = -21*k**2 + 1. Calculate f(-1).
-20
Let w(s) = -2*s - 20. Give w(-10).
0
Let g(x) = 8*x - 23. Calculate g(4).
9
Let k(b) = -2*b**2 + 54*b + 67. Calculate k(28).
11
Let n(s) = -s**3 - 12*s**2 - 10*s + 17. Give n(-11).
6
Let i(m) = -3*m**3 - 3*m**2 - 7*m - 2. Give i(-2).
24
Let i(n) = -2*n**2 - 22*n - 25. Calculate i(-10).
-5
Let w(o) = -2*o + 20. What is w(9)?
2
Let s(a) = a**3 - 10*a**2 - 2*a - 3. What is s(8)?
-147
Let c(n) = -n**2 + 27*n - 57. Give c(25).
-7
Let m(n) = n**2 - 6*n - 10. What is m(8)?
6
Let j(p) = p - 11. Determine j(8).
-3
Let o(d) = -d**2 + d + 5. Give o(5).
-15
Let n(x) = -3*x**3 + 16*x**2 - 7*x + 5. Calculate n(5).
-5
Let x(a) = -3*a - 2. Give x(13).
-41
Let z(v) = -2*v - 11. Give z(-8).
5
Let j(f) = f**3 - 14*f**2 + 7*f + 86. Give j(13).
8
Let r(y) = 73*y. Calculate r(1).
73
Let i(v) = 43*v + 518. Give i(-12).
2
Let z(j) = 27*j - 9. Calculate z(-3).
-90
Let u(h) = -6*h + 7. Determine u(12).
-65
Let w(h) = h**2 - 7*h + 3. What is w(6)?
-3
Let l(a) = -a**3 + 16*a**2 - 36*a - 40. Calculate l(13).
-1
Let y(o) = -o**2 + 21*o - 22. What is y(16)?
58
Let z(h) = h**2 - 5*h - 6. What is z(-2)?
8
Let n(w) = -w**2 + 8*w - 2. Determine n(9).
-11
Let s(j) = j**2 - 2*j + 1. Give s(5).
16
Let h(k) = -441*k + 880. What is h(2)?
-2
Let q(s) = -3*s**2 + s - 4. What is q(3)?
-28
Let q(a) = 2*a**2 + a - 3. Calculate q(-3).
12
Let m(k) = -k**3 + 5*k**2 + 4*k - 12. What is m(6)?
-24
Let l(q) = q**3 - 8*q**2 - 21*q - 1. What is l(10)?
-11
Let p(m) = -m**3 + 20*m**2 - 14*m + 18. What is p(19)?
113
Let k(u) = -u**2 + 7*u + 17. Determine k(9).
-1
Let w(n) = 21*n - 1. Give w(-2).
-43
Let p(b) = 2*b**2 - 29*b + 105. Calculate p(9).
6
Let j(l) = l**2 + 11*l + 12. Determine j(-10).
2
Let v(t) = -t**2 - 4*t - 12. What is v(7)?
-89
Let b(t) = -6*t + 7. Determine b(2).
-5
Let l(h) = -h - 6. Determine l(-12).
6
Let l(j) = -j**3 - 5*j**2 - 7*j - 7. Calculate l(-4).
5
Let z(y) = -10*y - 71. Calculate z(-7).
-1
Let n(t) = -3*t**2 - 9*t - 13. What is n(-4)?
-25
Let u(c) = -c**3 + 8*c**2 - 9*c + 14. Calculate u(7).
0
Let r(t) = -3*t**2 - 23*t + 21. Calculate r(-8).
13
Let j(l) = -l**2 + 5*l - 5. Give j(4).
-1
Let t(i) = 9*i + 54. Calculate t(-7).
-9
Let k(m) = m**2 - 39*m - 119. Calculate k(-3).
7
Let o(k) = 5*k - 2. What is o(-1)?
-7
Let g(f) = f - 8. What is g(-3)?
-11
Let g(o) = -o**3 - o**2 + 8*o + 8. Give g(-4).
24
Let i(p) = p - 21. Give i(4).
-17
Let v(i) = i**3 + 6*i**2 - 8*i + 6. Determine v(-8).
-58
Let j(s) = -2*s**2 - 40*s - 214. Give j(-7).
-32
Let v(t) = -14*t**3 + t**2 - 2*t + 1. Calculate v(1).
-14
Let l(w) = -w**3 + 3*w**2 + 4*w - 9. Calculate l(4).
-9
Let m(z) = -31*z + 24. Calculate m(4).
-100
Let l(m) = -m**3 + 16*m**2 - 22. What is l(16)?
-22
Let i(v) = v + 3. Calculate i(5).
8
Let y(b) = -b**3 + 11*b**2 - 100. Give y(10).
0
Let d(t) = -t**3 + 6*t**2 - 12*t + 24. Determine d(4).
8
Let d(x) = 91*x + 3. Determine d(-1).
-88
Let g(a) = 18*a - 212. Give g(13).
22
Let i(m) = -m - 3. Determine i(0).
-3
Let a(q) = 7*q**2 - 4*q + 3. Give a(1).
6
Let k(i) = -3*i**2 - 17*i - 16. What is k(-3)?
8
Let u(n) = -16*n - 69. Calculate u(-5).
11
Let l(i) = -8